se 11, what is 1915a - -4?
19163
In base 11, what is 46359 + -5?
46354
In base 15, what is 2 + -53d14?
-53d12
In base 7, what is -2132 + 3651?
1516
In base 3, what is -122 + 121121?
120222
In base 8, what is 3 + 1354073?
1354076
In base 14, what is -ccd + 14?
-cb9
In base 5, what is 4341242 - 11?
4341231
In base 6, what is 3 + 413023?
413030
In base 2, what is 100100 + 101000100010?
101001000110
In base 10, what is 4 - -10438?
10442
In base 7, what is 3 + 354425?
354431
In base 8, what is -5 + -24472?
-24477
In base 9, what is -3 + -15073?
-15076
In base 13, what is -4 - -534?
530
In base 2, what is 110011000010011001 - 11?
110011000010010110
In base 3, what is -1 - 20010122001?
-20010122002
In base 7, what is 3 - -363203?
363206
In base 6, what is 2252 - -33?
2325
In base 9, what is -71 + 378?
307
In base 4, what is -2002113 - -100?
-2002013
In base 13, what is 70 + -73ab?
-733b
In base 6, what is 1130 - -12420?
13550
In base 15, what is 5d60 - -2?
5d62
In base 10, what is 15 - 38108?
-38093
In base 14, what is 1 - 291b?
-291a
In base 7, what is -12363 - -56?
-12304
In base 4, what is -11 + 2220212?
2220201
In base 13, what is -1c - -40cc?
40b0
In base 14, what is 6 + -378?
-372
In base 8, what is 5 - 2004575?
-2004570
In base 6, what is -1325 - -4345?
3020
In base 15, what is d4 + -265?
-181
In base 5, what is 0 - 144314?
-144314
In base 6, what is 150 + -3402?
-3212
In base 6, what is 200421 - 0?
200421
In base 13, what is -4900 + -5?
-4905
In base 6, what is -5 + -11145131?
-11145140
In base 13, what is c7 - 22?
a5
In base 2, what is -10 - 101001000010001?
-101001000010011
In base 12, what is 62766 - 5?
62761
In base 2, what is -11010101110 - -1111111?
-11000101111
In base 8, what is -3025 + -3643?
-6670
In base 3, what is -2011010112 + 20?
-2011010022
In base 6, what is -113 + 4154?
4041
In base 11, what is 13 - -4452?
4465
In base 16, what is 567bf - 5?
567ba
In base 13, what is 1209 - 32?
11a7
In base 7, what is 30033 + -5?
30025
In base 2, what is 111 - -11110010111?
11110011110
In base 14, what is -10 - -976b?
975b
In base 15, what is 177 + -7d?
e9
In base 8, what is -50072 + 50?
-50022
In base 10, what is 0 + -14632?
-14632
In base 14, what is -13bc0 - -6c?
-13b52
In base 10, what is -5 + 903101?
903096
In base 2, what is 1001111110 + 1101000110?
10111000100
In base 6, what is 12441210 - -3?
12441213
In base 3, what is -112010120001 - -20?
-112010112211
In base 3, what is 122120202 + -1110?
122112022
In base 10, what is -2379 + 14?
-2365
In base 6, what is -100 - -3013?
2513
In base 11, what is 107644 + 1?
107645
In base 8, what is 244425 + -36?
244367
In base 3, what is -100211 - 110221?
-211202
In base 16, what is -cbb + -1c?
-cd7
In base 13, what is 45 + -230?
-1b8
In base 6, what is 5 - -34224?
34233
In base 15, what is -8ce - -ada?
20b
In base 12, what is -10488 - -1?
-10487
In base 13, what is -3a74 - 16?
-3a8a
In base 4, what is 10010 - -30000?
100010
In base 10, what is 627 - -12434?
13061
In base 3, what is 102 + -1102101011?
-1102100202
In base 10, what is -283 - -15759?
15476
In base 4, what is 23021 + -100303?
-11222
In base 13, what is -5779 + -3?
-577c
In base 8, what is -2315 + 310?
-2005
In base 15, what is 2 - -11102?
11104
In base 4, what is -301221 - 210123?
-1112010
In base 9, what is 7 + -37207?
-37200
In base 14, what is 3 - 2d583?
-2d580
In base 2, what is 1 + -110001110010110000010?
-110001110010110000001
In base 16, what is 54 - -59ec?
5a40
In base 4, what is -3 + -1311122?
-1311131
In base 9, what is -5678 + -738?
-6527
In base 11, what is 1199 + 10?
11a9
In base 7, what is 0 - -125206?
125206
In base 5, what is -20014202 + -3?
-20014210
In base 3, what is 100001100 + -211021?
22020002
In base 7, what is -3103 + -5?
-3111
In base 15, what is -e + 707?
6e8
In base 5, what is 142130 - -22?
142202
In base 3, what is 2220111 + 1102022?
11022210
In base 6, what is 11522 - 5432?
2050
In base 13, what is -2 - 114c2?
-114c4
In base 14, what is -8 - 50c?
-516
In base 6, what is -1221 + 40010?
34345
In base 3, what is 221210 - 22?
221111
In base 15, what is -16 - -241?
22a
In base 2, what is 100001 - 1110010001?
-1101110000
In base 2, what is 1101 + 10001010110000110?
10001010110010011
In base 10, what is 3 - 269102?
-269099
In base 6, what is -124 + -15534?
-20102
In base 3, what is 210 - -2122210?
2200120
In base 16, what is -60 + -227?
-287
In base 8, what is 661304 + -2?
661302
In base 9, what is 2 - 23337?
-23335
In base 16, what is -5ccd + 4?
-5cc9
In base 8, what is -51014 + -325?
-51341
In base 12, what is 655a - 18?
6542
In base 10, what is 1846357 + 0?
1846357
In base 2, what is 11011101101 + -10001?
11011011100
In base 6, what is 11 - 11413544?
-11413533
In base 5, what is -402322 + -2?
-402324
In base 9, what is 272064 - 13?
272051
In base 13, what is 2065c + 2?
20661
In base 13, what is 0 + -2a45?
-2a45
In base 13, what is -5 - -4307a?
43075
In base 10, what is 825 - -589?
1414
In base 16, what is 1aa - -52?
1fc
In base 10, what is -5480 + 768?
-4712
In base 10, what is -24 + -30649?
-30673
In base 6, what is -2132050 - -3?
-2132043
In base 13, what is -26 - 653?
-679
In base 8, what is 236245 - 4?
236241
In base 4, what is -3 + -23121?
-23130
In base 6, what is -4 - -3043430?
3043422
In base 2, what is -10001000011101101001 + 1?
-10001000011101101000
In base 16, what is -1bd8 + 15?
-1bc3
In base 11, what is -464 - 7?
-470
In base 2, what is -11011000010011 - 1100?
-11011000011111
In base 12, what is -20744 + -5?
-20749
In base 15, what is 17c3 - -5?
17c8
In base 4, what is -221 + -13331?
-20212
In base 5, what is -140 + -444?
-1134
In base 12, what is 10 - -2b65?
2b75
In base 16, what is 11 + b4b2?
b4c3
In base 7, what is 4312 + -22?
4260
In base 11, what is -148 + -325?
-472
In base 5, what is 30403002 - 4?
30402443
In base 12, what is 1 - 15a43?
-15a42
In base 15, what is 3 - -d9d48?
d9d4b
In base 9, what is 2162 + 231?
2403
In base 3, what is 210002 + -22?
202210
In base 6, what is 101312 - -141?
101453
In base 13, what is -58bb + 2?
-58b9
In base 13, what is -47197 + -1?
-47198
In base 8, what is 3133723 - 2?
3133721
In base 13, what is 1a578 + 1a?
1a595
In base 7, what is 132126 - 36?
132060
In base 4, what is 30033331 + 11?
30100002
In base 14, what is 4546 - -2?
4548
In base 2, what is 1010011111100111111 - -10?
1010011111101000001
In base 2, what is -1101101 - 11010101100100?
-11010111010001
In base 4, what is -13 - -30123201?
30123122
In base 16, what is 8a71c + 2?
8a71e
In base 14, what is 5 + -c8940?
-c8939
In base 3, what is 0 - 202110121?
-202110121
In base 5, what is 442 - 441?
1
In base 12, what is -54 + 144?
b0
In base 14, what is -52d7 - -c?
-52c9
In base 2, what is -1010111101 + 100001100?
-110110001
In base 8, what is 20 - 24515?
-24475
In base 15, what is -a1935 + -2?
-a1937
In base 15, what is -5 - -b2c4?
b2be
In base 9, what is -140 - 1207?
-1347
In base 8, what is -106304 - 2?
-106306
In base 10, what is 555798 + -6?
555792
In base 13, what is -6966b - 5?
-69673
In base 9, what is -3262 - -1?
-3261
In base 14, what is 2 + -3a5?
-3a3
In base 9, what is 4 + -4017?
-4013
In base 10, what is -13362 + 130?
-13232
In base 4, what is -2111200 - -103?
-2111031
In base 16, what is 2 + 3e79?
3e7b
In base 14, what is 19 + -a65?
-a4a
In base 14, what is -cc - -4a?
-82
In base 3, what is 21 + 2202101?
2202122
In base 5, what is 3423231 - 2?
3423224
In base 7, what is -600 + -13033?
-13633
In base 6, what is -1140 - 134134?
-135314
In base 7, what is 3415 - 0?
3415
In base 15, what is -1d9c - -10?
-1d8c
In base 7, what is -4 - -22251?
22244
In base 10, what is 336 - -3340?
3676
In base 5, what is -1242 - -1431420?
1430123
In base 11, what is -8 - 119451?
-119459
In base 16, what is af + 13d?
1ec
In base 9, what is 477 - 230?
247
In base 7, what is -25 + -1350?
-1405
In base 9, what is -21761 - -186?
-21564
In base 6, what is 13211 + 545?
14200
In base 9, what is 7318 + 100?
7418
In base 5, what is 2404 + 4202?
12111
In base 14, what is 0 + -102905?
-102905
In base 11, what is -10012 - 2?
-10014
In base 7, what is 1232 + 23425?
24660
In base 14, what is -5 - 2935?
-293a
In base 7, what is 1 + -561436?
-561435
In base 12, what is 4049 + -3?
4046
In base 4, what is 2 + 103113313?
103113321
In 